*o - 11, -2*q = -2*o - 38. Suppose -q - 45 = -6*k. Calculate the greatest common factor of z and k.
11
Let x be (-1472)/(-56) + (-6)/21. Let v(j) = -j**2 + 51*j + 17. Let f be v(x). What is the highest common factor of 29 and f?
29
Suppose -116*l + 8053 + 995 = 0. What is the highest common factor of l and 330?
6
Let k be (-2)/((-1)/(58 - -1)). Let j be 1/5 - 0 - 247/(-65). Let m be 12/8 + k/j. Calculate the highest common divisor of m and 217.
31
Let y be 6 - 4/((-36)/405). Suppose -2 = 2*c - 4*n, 7*c - 3*n - 9 = 2*c. Suppose i + 34 = c*i. What is the highest common divisor of i and y?
17
Let l(c) = -c**3 + 48*c**2 + 207*c + 93. Let v be l(52). What is the greatest common divisor of 5576 and v?
41
Let o = 120 + -152. Let n = o - -57. Let m = n + -16. What is the highest common divisor of m and 27?
9
Suppose 8*z - 1745 = -109 + 828. What is the greatest common divisor of z and 572?
44
Let p = -6573 - -7441. Calculate the highest common divisor of 1116 and p.
124
Let w = -836 + 127. Let b = w + 754. Calculate the greatest common divisor of 990 and b.
45
Suppose 35*d - 24 = 41*d. Let c be (-22 + 6)/(d/82). What is the highest common factor of c and 8?
8
Suppose 2*w - 5*s - 295 = 0, -2*w - s + 464 = 163. Suppose 0 = -4*h + w + 26. Let k be ((-27)/45)/((-18)/120). Calculate the greatest common factor of h and k.
4
Let m(k) be the third derivative of -k**4/4 - 4*k**3 - 4*k**2. Let n be m(-5). Let f be (68/6)/(n/9). Calculate the highest common factor of f and 17.
17
Suppose -218*b - 657 + 11 = -237*b. Calculate the greatest common divisor of b and 18.
2
Let r(d) = -d**2 + 27*d - 3. Let q(i) = i**2 - 26*i + 3. Let w(m) = 2*q(m) + 3*r(m). Let t be w(6). What is the highest common divisor of 27 and t?
27
Suppose -4*z + 10*z = 54. Suppose -z*y + 17*y - 576 = 0. What is the greatest common divisor of y and 8?
8
Suppose -2*p = -10*p + 58*p. Suppose 17*t - 4*t - 1287 = p. Calculate the highest common factor of 72 and t.
9
Let m = -37194 + 37950. What is the greatest common factor of 476 and m?
28
Let d = -3104 + 3767. Calculate the greatest common factor of d and 26.
13
Suppose 2*f - 100 = -5*z, -4*z + 2*f = 29 - 127. Suppose 3*x = 2*p - p + 11, -z = 2*p - 4*x. Let w = 21 - p. Calculate the highest common factor of w and 80.
16
Let u(p) = -64 + 46*p + 73 - 65. Let o be u(5). Calculate the highest common factor of 6 and o.
6
Suppose -2*q + 1493 = 5*z, -5*q = z - 4*z + 871. Let b be -1 + 9 - 262/262*(-2 + 1). Calculate the greatest common divisor of b and z.
9
Let k = -29 - -30. Let n be 36/(-3)*k/(-3). Calculate the highest common factor of n and 20.
4
Suppose 2692 - 427 = 61*x - 2493. Let r be 10 + (2 - 1) + 1. Calculate the greatest common divisor of x and r.
6
Suppose -w - 4*f - 8 = -2*f, 0 = 4*w - 4*f - 28. Suppose w*g - 2*v = 20, -2*g + 3*v + 25 = -0*g. Calculate the highest common factor of g and 25.
5
Suppose -2*j = 3*f - 101 - 111, 3*f - 2*j = 220. What is the greatest common divisor of f and 2664?
72
Let o(w) = 8*w**2 - 95*w + 27. Let p be o(19). Suppose 0 = 63*m - 65*m + p. Calculate the highest common divisor of 333 and m.
111
Suppose -3*o + 36 = y, 4*y = 2*y - 3*o + 84. Let g = -52 - y. Let w be 9604/24 - (-4 - g/24). Calculate the greatest common divisor of w and 50.
50
Suppose 2*a - 32 + 6 = 0. Let u = 324 + -168. Let z be (u/12)/((-2)/(-18)). What is the highest common factor of a and z?
13
Suppose -17*p = -2557 - 5793 - 218. Calculate the greatest common divisor of p and 40.
8
Let b(i) = 8*i**2 + 5*i + 5. Let q be b(-5). Let h be -2 + (-248)/(-6) + 50/75. Calculate the highest common divisor of q and h.
20
Suppose 17*u + 26893 = 27318. Let f be (1404/(-10))/(1/(-5)). Let s be f/4 + (-4)/8. What is the highest common divisor of u and s?
25
Let f = -14759 + 14775. Calculate the greatest common factor of f and 7328.
16
Let s = 5543 - 5138. What is the highest common divisor of s and 6795?
45
Let c(p) = -2*p**3 + 15*p**2 - 2*p + 8. Let b be c(6). Suppose -2*z - 27 = -35. Let l be -11*(-20)/16 - 3/z. Calculate the greatest common factor of b and l.
13
Let j be 660/(-12210) + (-43847)/(-37). What is the highest common divisor of j and 1422?
237
Suppose -776 + 15750 = 4*v - p, -5*v = 3*p - 18709. Calculate the highest common divisor of 19 and v.
19
Let g(c) = -23*c**3 + 5*c**2 + 18*c + 28. Let v be g(-3). What is the greatest common factor of 520 and v?
40
Suppose -41*j + 5*n = -36*j - 27435, 0 = -4*j - 2*n + 21906. What is the highest common factor of j and 411?
137
Let c = 39205 - 39178. What is the highest common factor of c and 1143?
9
Let i = 279 - 304. Let h = i - -26. Calculate the highest common divisor of 8 and h.
1
Let c be (-12)/(-14) + (-34254)/(-2422). Let l be 331/(-4)*(-4 + 0). Let r = -196 + l. Calculate the greatest common divisor of c and r.
15
Let y = -1 - -1. Suppose -394*q + 390*q = -40. Suppose 0 = -0*x + x + 5*h - q, y = -h - 2. What is the greatest common divisor of x and 5?
5
Let s(b) = 9*b**2 - 20*b - 42. Let w be s(6). Let m = -52 - -70. What is the greatest common divisor of m and w?
18
Let f(a) = 253*a**2 - 268*a + 525. Let p be f(2). What is the greatest common factor of 14 and p?
7
Let s(w) = 49*w - 341. Let i be s(14). Let v = i + -128. What is the highest common divisor of v and 14?
7
Suppose 5*i - x - 2379 = 0, -34*i + 37*i - 1431 = -3*x. What is the highest common factor of 102 and i?
34
Let k(a) = -a**3 + 9*a**2 + 5*a + 17. Let o be k(8). Let p = o - 105. Calculate the greatest common factor of p and 304.
16
Suppose 5*d + 17*l - 12*l = 155, -95 = -3*d - 5*l. Calculate the greatest common factor of d and 3630.
30
Let m = 243 + -675. Let z = m + 459. Let s = -7 + 13. What is the highest common factor of z and s?
3
Let y(k) = k**3 + 9*k**2 + 17*k + 75. Let r be y(-8). Suppose -r*t - 2*v + 1239 = -5*v, -v + 1657 = 4*t. Calculate the highest common divisor of 18 and t.
18
Suppose 3*o - 4*o = 3*w - 129, 4*w = 4*o - 388. Calculate the greatest common divisor of 63 and o.
21
Let g(m) = 28*m**2 + 16*m + 18. Let a be g(-2). Calculate the highest common factor of a and 70.
14
Let n = 33 + -5. Suppose 5*a - 12 = n. Suppose 11 + 17 = 5*r + 3*q, 12 = -r - 5*q. What is the greatest common divisor of r and a?
8
Suppose 277 = -4*s - 123. Let f be s/6*9/(-6) + 2. Calculate the greatest common divisor of 18 and f.
9
Let w(x) = 45*x**2 - 161*x + 331. Let l be w(2). What is the greatest common factor of 2484 and l?
27
Suppose 18 = -11*h + 14*h - v, h + 4*v = 6. What is the highest common divisor of h and 478?
2
Suppose -20*k + 63684 = 11*k - 64036. What is the highest common divisor of 360 and k?
40
Suppose -4*i + 1730 = -7*j, 5*i = -16*j + 17*j + 2147. What is the greatest common factor of 88 and i?
11
Suppose -i - 21174 = 263*y - 268*y, y - 3*i - 4218 = 0. Calculate the greatest common factor of y and 24.
12
Let n be (668/96*6)/((-1)/(-8)). Suppose -8*k = -o - 11*k + n, -1291 = -4*o + 3*k. What is the greatest common divisor of o and 26?
13
Let a be 12*((-21)/12 + 4). Suppose l - 179 = -5*q, 6 = q + 3*l - a. Let p be (1 - -3) + -2 + 71*2. What is the greatest common factor of p and q?
36
Suppose -174 = -51*x - 7*x. Suppose x = -z - 4*f, -2*z + 3*f = -4*z + 9. Suppose 4*s - 104 = 184. Calculate the highest common factor of z and s.
9
Let m(d) = -d**2 - 9*d + 46. Let x(i) = -i + 9. Let t be x(20). Let l be m(t). What is the highest common divisor of 72 and l?
24
Let d = 17764 + -16307. What is the greatest common factor of d and 799?
47
Let i(m) = m**2 + 5*m - 9. Let q be i(5). Suppose y - 17 = q. Calculate the highest common factor of 667 and y.
29
Let u = 19945 - 17365. What is the greatest common factor of 3 and u?
3
Let b(i) = i + 15. Let y be b(-8). Let p = -5998 + 6110. What is the greatest common factor of y and p?
7
Suppose 117*j - 124*j = -84. Suppose -3*q = 5*w + q, 2*w = -4*q - j. What is the highest common divisor of 412 and w?
4
Suppose 122*m - 7131 + 787 = 0. Calculate the highest common factor of m and 5694.
26
Let h(x) = -6922*x - 69120. Let r be h(-10). Let s = 105 + -30. What is the greatest common divisor of r and s?
25
Let v = 701 + -266. Suppose 74*n + v = 75*n. Calculate the highest common divisor of n and 15.
15
Let m be (3*15/(-18))/(120/(-48)) + 10735. What is the greatest common factor of 66 and m?
22
